base 16, what is 15 + af9?
b0e
In base 15, what is -2 + 19d2?
19d0
In base 12, what is -12 + 14478?
14466
In base 6, what is 145143 + 10?
145153
In base 5, what is -104232230 + -3?
-104232233
In base 4, what is -10 - 12010222?
-12010232
In base 7, what is -4 - 5101?
-5105
In base 11, what is 29 - -1078?
10a6
In base 16, what is -851 + 2?
-84f
In base 4, what is -223310 + -113?
-230023
In base 5, what is 13220 + 23430?
42200
In base 14, what is -1428a + 14?
-14276
In base 3, what is -112210212 - 11?
-112211000
In base 14, what is -2b - 3835?
-3862
In base 4, what is 10 + 31103130?
31103200
In base 13, what is -45 + 43b4?
436c
In base 8, what is 120 - -60741?
61061
In base 3, what is -10102 - -1010101?
222222
In base 14, what is 5 + -abd?
-ab8
In base 9, what is -568672 - -5?
-568666
In base 15, what is -3cb + -57?
-433
In base 7, what is -5 + 1060530?
1060522
In base 7, what is -1 + 20552225?
20552224
In base 14, what is 69d5 - 0?
69d5
In base 10, what is -17 + 8456?
8439
In base 15, what is 962 - 1a?
947
In base 13, what is 7 + 61373?
6137a
In base 15, what is -bc6b + 3a?
-bc31
In base 10, what is -1581062 - 4?
-1581066
In base 14, what is 127 - -39c7?
3b10
In base 15, what is 29 + -1d0?
-1a6
In base 4, what is 110203202033 + 10?
110203202103
In base 6, what is 353033 - -4?
353041
In base 16, what is -a08 - 29e?
-ca6
In base 15, what is -244 - -98?
-19b
In base 3, what is 12 + 1222111102202?
1222111102221
In base 16, what is -1a8 - -41?
-167
In base 2, what is -11110110 - 111011?
-100110001
In base 11, what is 250 + 101?
351
In base 8, what is 1564226 + 4?
1564232
In base 6, what is 4 - -35342?
35350
In base 5, what is 424 + 430?
1404
In base 6, what is -1234 + 10443?
5205
In base 9, what is 53060 + -2?
53057
In base 5, what is 430011234 - -1?
430011240
In base 4, what is 1123 + -111022?
-103233
In base 8, what is -1360167 + 2?
-1360165
In base 4, what is -211303 - -211?
-211032
In base 9, what is 6 - -31851?
31857
In base 6, what is 3545 + -4533?
-544
In base 6, what is 22 - 1232121?
-1232055
In base 9, what is -3 + 21532?
21528
In base 3, what is 1110002 + 2022?
1112101
In base 3, what is 0 - 11101221200?
-11101221200
In base 9, what is 477 + 1848?
2436
In base 13, what is -5b696 - 5?
-5b69b
In base 8, what is -1247 + 446?
-601
In base 11, what is -208 + -100?
-308
In base 16, what is -16 + -3301?
-3317
In base 5, what is -240 + 43?
-142
In base 2, what is -100 - 10111110110000000?
-10111110110000100
In base 10, what is -505349 + 2?
-505347
In base 9, what is -1283 + 12?
-1271
In base 16, what is 13 + 635?
648
In base 14, what is -2442 - 2?
-2444
In base 16, what is -2d - 45f?
-48c
In base 6, what is -1332 + 1244?
-44
In base 16, what is 2 + -11c2?
-11c0
In base 16, what is c - -4c7f?
4c8b
In base 3, what is 2002111201 - 2?
2002111122
In base 8, what is 306 + -1541?
-1233
In base 7, what is -345116 - -1?
-345115
In base 5, what is 110 + 1102142?
1102302
In base 9, what is 21074503 + -2?
21074501
In base 7, what is -2533 + -466?
-3332
In base 13, what is 6899b + 0?
6899b
In base 10, what is -11488 + -49?
-11537
In base 7, what is 114 - -23216?
23333
In base 13, what is -15 - -a8b?
a76
In base 13, what is -2302 - 8?
-230a
In base 6, what is -1132211 + 1?
-1132210
In base 8, what is 1 - 425616?
-425615
In base 11, what is -5 - 1079392?
-1079397
In base 11, what is -37459 - 5?
-37463
In base 2, what is -1110111100001000110 + 1?
-1110111100001000101
In base 15, what is 1 - -291c?
291d
In base 3, what is -100221220 + -10?
-100222000
In base 13, what is 5 - 6644?
-663c
In base 13, what is 8 + 16b?
176
In base 16, what is 115 + d90?
ea5
In base 3, what is -11 + 100122001?
100121220
In base 13, what is 2119 + 1?
211a
In base 7, what is 1156 - -14?
1203
In base 10, what is 1 + 12620?
12621
In base 12, what is -6a9 + -2?
-6ab
In base 12, what is -1 + -423416?
-423417
In base 9, what is -2150 - -6?
-2143
In base 16, what is -a3 - -783c?
7799
In base 7, what is 653 + -16634?
-15651
In base 13, what is 156c0 + 2?
156c2
In base 11, what is -a - -724?
715
In base 7, what is -661 - 510?
-1501
In base 15, what is -3 + 293b?
2938
In base 8, what is -12133 - 60?
-12213
In base 5, what is 0 + 2430130?
2430130
In base 7, what is -13330 - -2?
-13325
In base 8, what is 4270075 - 5?
4270070
In base 14, what is 73ba - -2?
73bc
In base 12, what is 16a + -25?
145
In base 13, what is -b + -15cb?
-1609
In base 3, what is -21 + 120211210112?
120211210021
In base 2, what is -11110001011 + 10000?
-11101111011
In base 11, what is -4a39 - 15?
-4a53
In base 7, what is -120 + -154?
-304
In base 6, what is 1 - 1204132?
-1204131
In base 5, what is -4 + 1021134?
1021130
In base 10, what is -1180987 + -4?
-1180991
In base 3, what is -10020201000 - -1?
-10020200222
In base 8, what is -277 + 762?
463
In base 12, what is -1ba99 - 4?
-1baa1
In base 8, what is 4 + 573636?
573642
In base 7, what is 23254 - 323?
22631
In base 7, what is -1562 + 263?
-1266
In base 14, what is -8d8 + -42?
-93a
In base 6, what is 0 - -42022?
42022
In base 8, what is 60600 + -64?
60514
In base 16, what is -11 - -3548?
3537
In base 11, what is 1 - 254592?
-254591
In base 4, what is -232 + 13030332?
13030100
In base 8, what is 3750 - -41?
4011
In base 16, what is 602c - -4?
6030
In base 6, what is 3400 + 402?
4202
In base 3, what is -11 + -1020012222?
-1020020010
In base 5, what is 4403 + 13022?
22430
In base 16, what is 3 + d6848?
d684b
In base 11, what is -135 - -269?
134
In base 16, what is -7f + 1298?
1219
In base 7, what is 0 - -100223?
100223
In base 6, what is 23 + -5150?
-5123
In base 4, what is 10111133 + 10?
10111203
In base 7, what is 3226 + -252?
2644
In base 4, what is 31033101 + 13?
31033120
In base 15, what is -4ee60d + -3?
-4ee611
In base 9, what is -21128 - 42?
-21171
In base 9, what is -5 + 1537621?
1537615
In base 5, what is -10 - 224131?
-224141
In base 14, what is 7 + 60894?
6089b
In base 16, what is 8b8 + 7?
8bf
In base 16, what is 37a12 + 9?
37a1b
In base 13, what is 1 - -381a6?
381a7
In base 13, what is -145 - -1204?
108c
In base 2, what is 1 + -101010010000110011?
-101010010000110010
In base 10, what is 13 - 5102?
-5089
In base 14, what is -5 + 840d7?
840d2
In base 2, what is -11010111000 + -11101011?
-11110100011
In base 8, what is -67631 + 12?
-67617
In base 12, what is -b7 - -989?
892
In base 11, what is -1 - 44a8?
-44a9
In base 3, what is 12 - 2011001200?
-2011001111
In base 8, what is 133640 - 1?
133637
In base 8, what is 2 - 424406?
-424404
In base 12, what is -29b - -a23?
744
In base 8, what is -1204 + -6445?
-7651
In base 14, what is -220d70 - -2?
-220d6c
In base 3, what is -2011 - -222202?
220121
In base 8, what is -22 + 14555?
14533
In base 3, what is -12 - 11202101?
-11202120
In base 8, what is -115610 - 3?
-115613
In base 10, what is -41 - 6068?
-6109
In base 4, what is 1000020211 - -13?
1000020230
In base 9, what is 3 - 86171?
-86167
In base 16, what is 56cd + 57?
5724
In base 8, what is 1 + 43626?
43627
In base 8, what is 5 + -1011737?
-1011732
In base 13, what is 386118 + -1?
386117
In base 10, what is 5 - 254064?
-254059
In base 13, what is 0 + a299?
a299
In base 12, what is -2 - 88648?
-8864a
In base 14, what is -4 - 3c05?
-3c09
In base 7, what is -2 + -16446?
-16451
In base 14, what is 2 + 1d028?
1d02a
In base 11, what is 2440 + -139?
2302
In base 14, what is 122a - -5?
1231
In base 11, what is -127862a + -2?
-1278631
In base 7, what is 36315 - -5?
36323
In base 5, what is 2043332 - 11?
2043321
In base 16, what is 26f03 - -4?
26f07
In base 8, what is -1016 - 35?
-1053
In base 9, what is 5120 - -11?
5131
In base 12, what is -7 - -3a252?
3a247
In base 5, what is -1444 + -221313?
-223312
In base 12, what is 15 - 638?
-623
In base 9, what is 4 - -45787?
45802
In base 12, what is -219 + -a98?
-10b5
In base 8, what is -771 - -1053?
62
In base 14, what is 869 - -1c2?
a4b
In base 3, what is 220220 - -2100?
1000020
In base 3, what is 20212 - -22001220?
22022202
In base 16, what is -2 + -b14b?
-b14d
In base 14, what is 5 + -4ac4c?
-4ac47
In base 5, what is 2102032 - 111?
2101421
In base 2, what is -1011010110 - -10110000?
-1000100110
In base 7, what is -3042602 - -4?
-3042565
In base 9, what is -10544 - -261?
-10273
In base 12, what is 16ab - 8b?
1620
In base 11, what is -1